2 + 5*h. What is c(4)?
-12
Let b(l) = 3*l + 4. What is b(-6)?
-14
Let g(a) = 56*a**3 - a**2 - 2*a - 1. Determine g(-1).
-56
Let d(k) = 25*k - 1. What is d(7)?
174
Let q(z) = 11*z + 3. What is q(-3)?
-30
Let r(m) = 12*m + 140. Give r(-12).
-4
Let z(x) = 3*x**2 + 10*x - 51. What is z(3)?
6
Let s(t) = t**3 + 2*t**2 - 2*t - 3. What is s(3)?
36
Let p(c) = c**2 + 13*c - 32. What is p(-15)?
-2
Let g(z) = 11*z - 13. Determine g(9).
86
Let p(m) = -14*m + 133. Give p(8).
21
Let x(j) = -5*j**2 + 20. Determine x(0).
20
Let t(n) = -n**3 - 7*n**2 - 5*n + 19. What is t(-5)?
-6
Let y(s) = 10*s - 3. What is y(-5)?
-53
Let z(t) = -2*t - 27. Calculate z(-12).
-3
Let n(t) = -t**2 - 9*t - 1. What is n(-6)?
17
Let i(z) = z**3 - 10*z**2 + 15*z - 8. Determine i(7).
-50
Let m(c) = c**2 + 15*c + 7. Give m(-15).
7
Let l(v) = -3*v**3 + v**2 - v + 1. Determine l(1).
-2
Let k(z) = z**3 - 3*z - 1. Give k(-1).
1
Let h(v) = 15*v - 78. Give h(5).
-3
Let j(i) = -2*i**3 - i**2 + i. Determine j(1).
-2
Let y(r) = r**2 - 9*r + 6. Determine y(8).
-2
Let k(t) = -t. What is k(-6)?
6
Let n(z) = -7*z - 22. What is n(-5)?
13
Let j(l) = 2*l**2 - 8*l - 9. Determine j(5).
1
Let z(y) = 4*y - 67. Determine z(30).
53
Let q(g) = g**2 + 5*g - 8. Calculate q(-7).
6
Let j(f) = f + 5. Calculate j(0).
5
Let l(m) = 2*m - 1. Give l(-5).
-11
Let o(a) = a**2 + 14*a + 9. Determine o(-6).
-39
Let b(m) = m**3 + 4*m**2 + 6*m + 13. Give b(-3).
4
Let a(s) = -s**3 + 3*s**2 + 8*s - 16. What is a(2)?
4
Let t(c) = 4*c**2 + 37*c + 42. Determine t(-8).
2
Let k(d) = d**2 - 40*d - 235. Determine k(-5).
-10
Let k(h) = 3*h**3 - 15*h**2 + 5*h + 26. Give k(4).
-2
Let r(c) = -38*c - 1. What is r(-1)?
37
Let j(o) = o**3 + 20*o**2 - 22*o - 14. Calculate j(-21).
7
Let b(j) = 2*j + 10. Determine b(-12).
-14
Let f(p) = 4*p + 27. Determine f(-8).
-5
Let a(b) = -b**3 + 5*b**2 - 8*b + 8. What is a(4)?
-8
Let p(l) = -13*l - 97. Determine p(-7).
-6
Let q(n) = -n**2 - 26*n + 18. What is q(-27)?
-9
Let y(x) = 12*x + 76. What is y(-6)?
4
Let s(f) = 2*f**2 + 9*f + 19. Calculate s(-9).
100
Let a(x) = -x**3 - 10*x**2 - 6*x - 8. What is a(-9)?
-35
Let f(a) = a**3 + 10*a**2 + 7*a - 7. Give f(-9).
11
Let j(n) = n**3 - 9*n**2 + 5*n - 8. Give j(8).
-32
Let m(i) = -i**2 - 7*i - 7. What is m(-3)?
5
Let m(r) = r**3 - 15*r**2 + 35*r + 2. What is m(12)?
-10
Let n(s) = -s**3 - 4*s**2 - 31*s - 179. Give n(-5).
1
Let m(d) = d**2 + 37*d + 26. Calculate m(-36).
-10
Let s(r) = r**2 - 2*r - 18. What is s(-3)?
-3
Let t(x) = x**2 - 2*x - 52. Calculate t(0).
-52
Let h(r) = -9*r + 155. Calculate h(19).
-16
Let u(v) = -v**2 - 19*v + 66. Determine u(-22).
0
Let f(b) = b**2 - 8*b - 8. Calculate f(10).
12
Let n(m) = m**3 + 9*m**2 + 7*m + 6. Determine n(-4).
58
Let f(q) = q**3 + q**2 + 29*q - 8. What is f(0)?
-8
Let q(g) = -g**2 - 6*g + 33. Give q(3).
6
Let t(b) = -4*b**2 + 43*b + 15. What is t(11)?
4
Let u(r) = 24*r - 36. Determine u(5).
84
Let j(p) = 4*p + 57. Calculate j(-15).
-3
Let s(y) = y**2 - 12*y + 45. Determine s(12).
45
Let q(p) = -p**2 - 10*p + 12. Give q(-8).
28
Let t(x) = 19*x - 1. Calculate t(-1).
-20
Let i(u) = -u**3 - 16*u**2 + 19*u + 35. Give i(-17).
1
Let c(j) = 2*j**3 - 52*j**2 + j - 18. Give c(26).
8
Let v(l) = l**3 - 7*l**2 + 3*l + 19. Give v(6).
1
Let x(z) = 2*z - 6. What is x(3)?
0
Let j(m) = m**3 + 3*m**2 - 2*m - 7. Determine j(-4).
-15
Let t(r) = 7*r**2 - 24*r + 8. What is t(3)?
-1
Let p(z) = z - 7. What is p(10)?
3
Let l(g) = -g**3 - 6*g**2 + 1. Determine l(-6).
1
Let s(g) = -18*g + 214. What is s(12)?
-2
Let w(y) = -y**2 + 5*y - 5. Give w(8).
-29
Let s(j) = j**3 + 26*j**2 + 67*j - 46. Calculate s(-23).
0
Let k(l) = 2*l**2 + 10*l + 18. Determine k(-4).
10
Let q(n) = 41*n - 13. Determine q(-1).
-54
Let j(i) = -i**2 - 6*i - 8. What is j(-6)?
-8
Let p(i) = -4*i + 78. Give p(23).
-14
Let b(g) = g**2 - 4*g - 10. Give b(5).
-5
Let d(n) = -42*n + 252. Determine d(6).
0
Let g(z) = -z**3 + 4*z**2 + 3*z + 14. Give g(5).
4
Let x(t) = t**3 + 8*t**2 - 2*t - 13. Calculate x(-8).
3
Let i(j) = -10*j - 6. Give i(-5).
44
Let i(c) = -c**3 + 14*c**2 + 41*c - 30. Calculate i(17).
-200
Let y(i) = i**3 - 5*i**2 - 10*i + 14. Calculate y(6).
-10
Let c(h) = h**2 - 3*h + 8. Give c(4).
12
Let y(s) = -2*s + 26. Give y(18).
-10
Let m(u) = 5*u + 1. Give m(2).
11
Let y(z) = z**3 + 11*z**2 + 13*z + 11. Give y(-10).
-19
Let f(o) = -o**3 - 10*o**2 - 15*o + 13. Calculate f(-8).
5
Let t(j) = -21*j + 52. Give t(9).
-137
Let q(u) = u**2 - u - 1. Give q(-4).
19
Let a(w) = -w**2 - 11*w - 3. Calculate a(-11).
-3
Let q(b) = 2*b**2 + b - 10. Give q(3).
11
Let v(l) = -8*l + 24. Calculate v(6).
-24
Let j(x) = 7*x + 49. Determine j(-7).
0
Let i(o) = -4*o**2 + o + 13. Give i(5).
-82
Let m(v) = 4*v**2 - v - 3. Give m(-3).
36
Let p(y) = y**3 + 4*y**2 - 4*y - 2. What is p(-5)?
-7
Let k(q) = 5*q**2 - 169*q - 55. Give k(34).
-21
Let f(i) = -4*i + 2. Give f(-1).
6
Let l(a) = -a**2 - 16*a - 22. Determine l(-14).
6
Let f(m) = m**3 - 5*m**2 + m + 7. Calculate f(5).
12
Let p(v) = 31*v - 5. What is p(-3)?
-98
Let a(z) = z**2 - 12*z - 38. What is a(8)?
-70
Let q(j) = 10*j**2 - 61*j + 9. Give q(6).
3
Let h(p) = 10*p + 33. Determine h(-10).
-67
Let b(v) = 2*v**2 + 18*v + 36. Give b(-2).
8
Let j(c) = 40*c - 9. Give j(2).
71
Let y(c) = -c**3 + 22*c**2 + 27*c - 75. Calculate y(23).
17
Let o(t) = -18*t - 16. Give o(-1).
2
Let a(t) = t**2 + 10*t - 15. What is a(-12)?
9
Let i(f) = -f**2 + 9*f + 3. Give i(7).
17
Let y(d) = 13*d - 4. Calculate y(-2).
-30
Let v(j) = j - 3. Determine v(6).
3
Let g(h) = h**3 - 12*h**2 - 15*h + 8. Give g(13).
-18
Let k(y) = -y**3 - 8*y**2 + 9*y + 2. Calculate k(-9).
2
Let s(x) = -x**2 - 20*x - 9. Determine s(-17).
42
Let q(p) = -p**3 - 7*p**2 + 6*p - 11. Calculate q(-8).
5
Let l(x) = -2*x - 1. Calculate l(-11).
21
Let v(n) = n**3 - n**2 + 2*n - 1. Give v(0).
-1
Let z(f) = f**3 - 6*f**2 + 7*f + 1. Calculate z(4).
-3
Let y(t) = 2*t + 12. Determine y(8).
28
Let y(m) = -m - 1. Determine y(0).
-1
Let h(n) = -n**3 - 9*n**2 - 9*n - 7. Determine h(-8).
1
Let q(x) = -3*x**3 + 13*x**2 - 9*x + 16. What is q(4)?
-4
Let t(x) = 17*x**3 + 2*x**2 - x. Give t(1).
18
Let s(b) = -2*b - 3. Give s(1).
-5
Let h(q) = 3*q**2 - q - 5. Determine h(3).
19
Let f(o) = 22*o. Calculate f(1).
22
Let q(t) = 2*t**2 - 9*t. Calculate q(6).
18
Let l(u) = -u**2 - 13*u - 4. Determine l(-7).
38
Let k(d) = -82*d**2 - 160*d + 2. Give k(-2).
-6
Let n(m) = -m**2 - 10*m - 24. Calculate n(-7).
-3
Let o(u) = -6*u. Determine o(4).
-24
Let w(d) = -5*d - 14. Calculate w(-4).
6
Let s(w) = w**3 - 5*w**2. Give s(5).
0
Let u(q) = -q**3 - 19*q**2 + 8*q + 73. Calculate u(-19).
-79
Let h(o) = o**2 - 5*o - 44. Determine h(-6).
22
Let p(r) = -r**2 + 43*r - 287. Calculate p(8).
-7
Let h(b) = -3*b + 33. Calculate h(13).
-6
Let y(o) = 3*o - 16. What is y(6)?
2
Let b(a) = a**3 - 40*a**2 + a - 37. What is b(40)?
3
Let l(z) = z**3 - 12*z**2 + 20*z. Determine l(10).
0
Let o(r) = 7*r**2 - r + 1. Determine o(2).
27
Let g(n) = -3*n - 80. Determine g(-25).
-5
Let x(w) = -2*w**3 + 5*w**2 - 8*w + 6. What is x(2)?
-6
Let b(v) = -v**2 + 9*v + 1. What is b(9)?
1
Let d(r) = -2*r**2 - 2*r + 7. Give d(-3).
-5
Let h(l) = -l**3 - l**2 + 3*l + 1. Calculate h(-2).
-1
Let j(i) = -i**2 - 4*i - 2. What is j(-6)?
-14
Let k(m) = -12*m + 12. Give k(5).
-48
Let v(r) = -26*r - 6. What is v(-2)?
46
Let m(u) = -u**3 - 4*u**2 + 6*u + 11. Calculate m(-5).
6
Let j(u) = -4*u - 19. Give j(-9).
17
Let b(k) = -k**3 + 10*k**2 - 16*k + 10. Determine b(6).
58
Let g(d) = -2*d**3 + 34*d**2 + d. Determine g(17).
17
Let m(r) = -r**2 + 8*r + 17. What is m(9)?
8
Let o(l) = 6*l**2 - 92*l + 33. Determine o(15).
3
Let y(m) = m**3 - 5*m**2 - 30. Determine y(5).
-30
Let b(d) = 7*d - 50. Calculate b(6).
-8
Let b(x) = 18*x**2 + 72*x + 12. Give b(-4).
12
Let t(j) = j**3 + 6*j**2 + 4*j - 1. What is t(-5)?
4
Let f(j) = -2*j**2 + 26*j - 38. Calculate f(12).
-14
Let c(n) = -n**2 + 12*n + 12. Determine c(13).
-1
Let p(g) = -2*g + 5. Calculate p(0).
5
Let u(a) = 65*a - 513. Determine u(8).
7
Let b(j) = -2*j**3 + 11*j**2 - 10*j - 11. Calculate b(4).
-3
Let g(w) = -7*w**2 - 2*w - 1. What is g(-2)?
-25
Let q(b) = -3*b - 3. Give q(3).
-12
Let k(r) = r**2 - 23*r - 54. What is k(25)?
-4
Let n(b) = -b**3 - 2*b**2 + 3*b - 1. Calculate n(2).
-11
Let t(o) = 7*o - 88. Calculate t(11).
-11
Let x(p) = p